{"id":92,"date":"2020-07-15T10:36:49","date_gmt":"2020-07-15T13:36:49","guid":{"rendered":"https:\/\/radatilly.gob.ar\/deporteyturismo\/?page_id=92"},"modified":"2020-09-28T15:00:59","modified_gmt":"2020-09-28T18:00:59","slug":"yoga-en-la-naturaleza","status":"publish","type":"page","link":"https:\/\/radatilly.gob.ar\/deporteyturismo\/yoga-en-la-naturaleza\/","title":{"rendered":"YOGA EN LA NATURALEZA"},"content":{"rendered":"\t\t<div data-elementor-type=\"wp-page\" data-elementor-id=\"92\" class=\"elementor elementor-92\" data-elementor-settings=\"{&quot;ha_cmc_init_switcher&quot;:&quot;no&quot;}\" data-elementor-post-type=\"page\">\n\t\t\t\t\t\t<section class=\"elementor-section elementor-top-section elementor-element elementor-element-b760839 elementor-section-boxed elementor-section-height-default elementor-section-height-default wpr-particle-no wpr-jarallax-no wpr-parallax-no wpr-sticky-section-no\" data-id=\"b760839\" data-element_type=\"section\" data-e-type=\"section\" data-settings=\"{&quot;_ha_eqh_enable&quot;:false}\">\n\t\t\t\t\t\t\t<div class=\"elementor-background-overlay\"><\/div>\n\t\t\t\t\t\t\t<div class=\"elementor-container elementor-column-gap-default\">\n\t\t\t\t\t<div class=\"elementor-column elementor-col-100 elementor-top-column elementor-element elementor-element-43082ff\" data-id=\"43082ff\" data-element_type=\"column\" data-e-type=\"column\">\n\t\t\t<div class=\"elementor-widget-wrap elementor-element-populated\">\n\t\t\t\t\t\t<div class=\"elementor-element elementor-element-49cf281 elementor-widget elementor-widget-heading\" data-id=\"49cf281\" data-element_type=\"widget\" data-e-type=\"widget\" data-widget_type=\"heading.default\">\n\t\t\t\t<div class=\"elementor-widget-container\">\n\t\t\t\t\t<h2 class=\"elementor-heading-title elementor-size-default\">YOGA EN LA NATURALEZA<\/h2>\t\t\t\t<\/div>\n\t\t\t\t<\/div>\n\t\t\t\t\t<\/div>\n\t\t<\/div>\n\t\t\t\t\t<\/div>\n\t\t<\/section>\n\t\t\t\t<section class=\"elementor-section elementor-top-section elementor-element elementor-element-432819d elementor-section-boxed elementor-section-height-default elementor-section-height-default wpr-particle-no wpr-jarallax-no wpr-parallax-no wpr-sticky-section-no\" data-id=\"432819d\" data-element_type=\"section\" data-e-type=\"section\" data-settings=\"{&quot;_ha_eqh_enable&quot;:false}\">\n\t\t\t\t\t\t<div class=\"elementor-container elementor-column-gap-default\">\n\t\t\t\t\t<div class=\"elementor-column elementor-col-100 elementor-top-column elementor-element elementor-element-345f86f\" data-id=\"345f86f\" data-element_type=\"column\" data-e-type=\"column\">\n\t\t\t<div class=\"elementor-widget-wrap elementor-element-populated\">\n\t\t\t\t\t\t<div class=\"elementor-element elementor-element-bafaeb5 elementor-widget elementor-widget-text-editor\" data-id=\"bafaeb5\" data-element_type=\"widget\" data-e-type=\"widget\" data-widget_type=\"text-editor.default\">\n\t\t\t\t<div class=\"elementor-widget-container\">\n\t\t\t\t\t\t\t\t\t<p>El yoga como disciplina milenaria, tiene sus or\u00edgenes en la India.\u00a0 Los beneficios de la misma se multiplican al aire libre permitiendo potenciar los sentidos, la uni\u00f3n y la armon\u00eda entre cuerpo y mente.<\/p><p>Desde hace 5 a\u00f1os, todos los s\u00e1bados en temporada de verano, Rada Tilly ofrece esta actividad deportiva en diferentes escenarios naturales.\u00a0\u00a0<\/p><p style=\"text-align: left;\">Con una duraci\u00f3n aproximada de una hora y media esta actividad no requiere de experiencia previa para su realizaci\u00f3n.<\/p><p><strong>\u00bfQU\u00c9 LLEVAR?<\/strong><\/p><p>Se recomienda asistir con ropa c\u00f3moda, hidrataci\u00f3n y un \u201cmat\u201d o una manta para realizar la pr\u00e1ctica.<\/p><p>Esta actividad se realiza\u00a0en temporada de verano todos\u00a0los d\u00edas S\u00e1bados.<\/p>\t\t\t\t\t\t\t\t<\/div>\n\t\t\t\t<\/div>\n\t\t\t\t\t<\/div>\n\t\t<\/div>\n\t\t\t\t\t<\/div>\n\t\t<\/section>\n\t\t\t\t<section class=\"elementor-section elementor-top-section elementor-element elementor-element-8b11723 elementor-section-boxed elementor-section-height-default elementor-section-height-default wpr-particle-no wpr-jarallax-no wpr-parallax-no wpr-sticky-section-no\" data-id=\"8b11723\" data-element_type=\"section\" data-e-type=\"section\" data-settings=\"{&quot;_ha_eqh_enable&quot;:false}\">\n\t\t\t\t\t\t<div class=\"elementor-container elementor-column-gap-default\">\n\t\t\t\t\t<div class=\"elementor-column elementor-col-100 elementor-top-column elementor-element elementor-element-70ab18c\" data-id=\"70ab18c\" data-element_type=\"column\" data-e-type=\"column\">\n\t\t\t<div class=\"elementor-widget-wrap elementor-element-populated\">\n\t\t\t\t\t\t<div class=\"elementor-element elementor-element-640dbb3 elementor-widget elementor-widget-gallery\" data-id=\"640dbb3\" data-element_type=\"widget\" data-e-type=\"widget\" data-settings=\"{&quot;lazyload&quot;:&quot;yes&quot;,&quot;gallery_layout&quot;:&quot;grid&quot;,&quot;columns&quot;:4,&quot;columns_tablet&quot;:2,&quot;columns_mobile&quot;:1,&quot;gap&quot;:{&quot;unit&quot;:&quot;px&quot;,&quot;size&quot;:10,&quot;sizes&quot;:[]},&quot;gap_tablet&quot;:{&quot;unit&quot;:&quot;px&quot;,&quot;size&quot;:10,&quot;sizes&quot;:[]},&quot;gap_mobile&quot;:{&quot;unit&quot;:&quot;px&quot;,&quot;size&quot;:10,&quot;sizes&quot;:[]},&quot;link_to&quot;:&quot;file&quot;,&quot;aspect_ratio&quot;:&quot;3:2&quot;,&quot;overlay_background&quot;:&quot;yes&quot;,&quot;content_hover_animation&quot;:&quot;fade-in&quot;}\" data-widget_type=\"gallery.default\">\n\t\t\t\t<div class=\"elementor-widget-container\">\n\t\t\t\t\t\t\t<div class=\"elementor-gallery__container\">\n\t\t\t\t\t\t\t<a class=\"e-gallery-item elementor-gallery-item elementor-animated-content\" href=\"https:\/\/radatilly.gob.ar\/deporteyturismo\/wp-content\/uploads\/sites\/5\/2020\/07\/Yoga-4.jpg\" data-elementor-open-lightbox=\"yes\" data-elementor-lightbox-slideshow=\"640dbb3\" data-elementor-lightbox-title=\"Yoga 4\" data-e-action-hash=\"#elementor-action%3Aaction%3Dlightbox%26settings%3DeyJpZCI6Njc2LCJ1cmwiOiJodHRwczpcL1wvcmFkYXRpbGx5LmdvYi5hclwvZGVwb3J0ZXl0dXJpc21vXC93cC1jb250ZW50XC91cGxvYWRzXC9zaXRlc1wvNVwvMjAyMFwvMDdcL1lvZ2EtNC5qcGciLCJzbGlkZXNob3ciOiI2NDBkYmIzIn0%3D\">\n\t\t\t\t\t<div class=\"e-gallery-image elementor-gallery-item__image\" data-thumbnail=\"https:\/\/radatilly.gob.ar\/deporteyturismo\/wp-content\/uploads\/sites\/5\/2020\/07\/Yoga-4-300x200.jpg\" data-width=\"300\" data-height=\"200\" aria-label=\"\" role=\"img\" ><\/div>\n\t\t\t\t\t\t\t\t\t\t\t<div class=\"elementor-gallery-item__overlay\"><\/div>\n\t\t\t\t\t\t\t\t\t\t\t\t\t\t<\/a>\n\t\t\t\t\t\t\t<a class=\"e-gallery-item elementor-gallery-item elementor-animated-content\" href=\"https:\/\/radatilly.gob.ar\/deporteyturismo\/wp-content\/uploads\/sites\/5\/2020\/07\/Yoga-3.jpg\" data-elementor-open-lightbox=\"yes\" data-elementor-lightbox-slideshow=\"640dbb3\" data-elementor-lightbox-title=\"Yoga 3\" data-e-action-hash=\"#elementor-action%3Aaction%3Dlightbox%26settings%3DeyJpZCI6Njc1LCJ1cmwiOiJodHRwczpcL1wvcmFkYXRpbGx5LmdvYi5hclwvZGVwb3J0ZXl0dXJpc21vXC93cC1jb250ZW50XC91cGxvYWRzXC9zaXRlc1wvNVwvMjAyMFwvMDdcL1lvZ2EtMy5qcGciLCJzbGlkZXNob3ciOiI2NDBkYmIzIn0%3D\">\n\t\t\t\t\t<div class=\"e-gallery-image elementor-gallery-item__image\" data-thumbnail=\"https:\/\/radatilly.gob.ar\/deporteyturismo\/wp-content\/uploads\/sites\/5\/2020\/07\/Yoga-3-300x114.jpg\" data-width=\"300\" data-height=\"114\" aria-label=\"\" role=\"img\" ><\/div>\n\t\t\t\t\t\t\t\t\t\t\t<div class=\"elementor-gallery-item__overlay\"><\/div>\n\t\t\t\t\t\t\t\t\t\t\t\t\t\t<\/a>\n\t\t\t\t\t\t\t<a class=\"e-gallery-item elementor-gallery-item elementor-animated-content\" href=\"https:\/\/radatilly.gob.ar\/deporteyturismo\/wp-content\/uploads\/sites\/5\/2020\/07\/Yoga-2.jpg\" data-elementor-open-lightbox=\"yes\" data-elementor-lightbox-slideshow=\"640dbb3\" data-elementor-lightbox-title=\"Yoga 2\" data-e-action-hash=\"#elementor-action%3Aaction%3Dlightbox%26settings%3DeyJpZCI6Njc0LCJ1cmwiOiJodHRwczpcL1wvcmFkYXRpbGx5LmdvYi5hclwvZGVwb3J0ZXl0dXJpc21vXC93cC1jb250ZW50XC91cGxvYWRzXC9zaXRlc1wvNVwvMjAyMFwvMDdcL1lvZ2EtMi5qcGciLCJzbGlkZXNob3ciOiI2NDBkYmIzIn0%3D\">\n\t\t\t\t\t<div class=\"e-gallery-image elementor-gallery-item__image\" data-thumbnail=\"https:\/\/radatilly.gob.ar\/deporteyturismo\/wp-content\/uploads\/sites\/5\/2020\/07\/Yoga-2-300x200.jpg\" data-width=\"300\" data-height=\"200\" aria-label=\"\" role=\"img\" ><\/div>\n\t\t\t\t\t\t\t\t\t\t\t<div class=\"elementor-gallery-item__overlay\"><\/div>\n\t\t\t\t\t\t\t\t\t\t\t\t\t\t<\/a>\n\t\t\t\t\t\t\t<a class=\"e-gallery-item elementor-gallery-item elementor-animated-content\" href=\"https:\/\/radatilly.gob.ar\/deporteyturismo\/wp-content\/uploads\/sites\/5\/2020\/07\/Yoga-1.jpg\" data-elementor-open-lightbox=\"yes\" data-elementor-lightbox-slideshow=\"640dbb3\" data-elementor-lightbox-title=\"Yoga 1\" data-e-action-hash=\"#elementor-action%3Aaction%3Dlightbox%26settings%3DeyJpZCI6NjczLCJ1cmwiOiJodHRwczpcL1wvcmFkYXRpbGx5LmdvYi5hclwvZGVwb3J0ZXl0dXJpc21vXC93cC1jb250ZW50XC91cGxvYWRzXC9zaXRlc1wvNVwvMjAyMFwvMDdcL1lvZ2EtMS5qcGciLCJzbGlkZXNob3ciOiI2NDBkYmIzIn0%3D\">\n\t\t\t\t\t<div class=\"e-gallery-image elementor-gallery-item__image\" data-thumbnail=\"https:\/\/radatilly.gob.ar\/deporteyturismo\/wp-content\/uploads\/sites\/5\/2020\/07\/Yoga-1-300x200.jpg\" data-width=\"300\" data-height=\"200\" aria-label=\"\" role=\"img\" ><\/div>\n\t\t\t\t\t\t\t\t\t\t\t<div class=\"elementor-gallery-item__overlay\"><\/div>\n\t\t\t\t\t\t\t\t\t\t\t\t\t\t<\/a>\n\t\t\t\t\t<\/div>\n\t\t\t\t\t<\/div>\n\t\t\t\t<\/div>\n\t\t\t\t\t<\/div>\n\t\t<\/div>\n\t\t\t\t\t<\/div>\n\t\t<\/section>\n\t\t\t\t<\/div>\n\t\t","protected":false},"excerpt":{"rendered":"<p>YOGA EN LA NATURALEZA El yoga como disciplina milenaria, tiene sus or\u00edgenes en la India.\u00a0 Los beneficios de la misma se multiplican al aire libre permitiendo potenciar los sentidos, la uni\u00f3n y la armon\u00eda entre cuerpo y mente. Desde hace 5 a\u00f1os, todos los s\u00e1bados en temporada de verano, Rada Tilly ofrece esta actividad deportiva en diferentes escenarios naturales.\u00a0\u00a0 Con una duraci\u00f3n aproximada de una hora y media esta actividad no requiere de experiencia previa para su realizaci\u00f3n. \u00bfQU\u00c9 LLEVAR? Se recomienda asistir con ropa c\u00f3moda, hidrataci\u00f3n y un \u201cmat\u201d o una manta para realizar la pr\u00e1ctica. Esta actividad se realiza\u00a0en temporada de verano todos\u00a0los d\u00edas S\u00e1bados.<\/p>\n","protected":false},"author":1,"featured_media":0,"parent":0,"menu_order":0,"comment_status":"closed","ping_status":"closed","template":"elementor_header_footer","meta":{"footnotes":""},"class_list":["post-92","page","type-page","status-publish","hentry"],"_links":{"self":[{"href":"https:\/\/radatilly.gob.ar\/deporteyturismo\/wp-json\/wp\/v2\/pages\/92","targetHints":{"allow":["GET"]}}],"collection":[{"href":"https:\/\/radatilly.gob.ar\/deporteyturismo\/wp-json\/wp\/v2\/pages"}],"about":[{"href":"https:\/\/radatilly.gob.ar\/deporteyturismo\/wp-json\/wp\/v2\/types\/page"}],"author":[{"embeddable":true,"href":"https:\/\/radatilly.gob.ar\/deporteyturismo\/wp-json\/wp\/v2\/users\/1"}],"replies":[{"embeddable":true,"href":"https:\/\/radatilly.gob.ar\/deporteyturismo\/wp-json\/wp\/v2\/comments?post=92"}],"version-history":[{"count":0,"href":"https:\/\/radatilly.gob.ar\/deporteyturismo\/wp-json\/wp\/v2\/pages\/92\/revisions"}],"wp:attachment":[{"href":"https:\/\/radatilly.gob.ar\/deporteyturismo\/wp-json\/wp\/v2\/media?parent=92"}],"curies":[{"name":"wp","href":"https:\/\/api.w.org\/{rel}","templated":true}]}}

<div data-elementor-type="wp-page" data-elementor-id="92" class="elementor elementor-92" data-elementor-settings="{&quot;ha_cmc_init_switcher&quot;:&quot;no&quot;}" data-elementor-post-type="page">
						<section class="elementor-section elementor-top-section elementor-element elementor-element-b760839 elementor-section-boxed elementor-section-height-default elementor-section-height-default wpr-particle-no wpr-jarallax-no wpr-parallax-no wpr-sticky-section-no" data-id="b760839" data-element_type="section" data-e-type="section" data-settings="{&quot;_ha_eqh_enable&quot;:false}">
							<div class="elementor-background-overlay"></div>
							<div class="elementor-container elementor-column-gap-default">
					<div class="elementor-column elementor-col-100 elementor-top-column elementor-element elementor-element-43082ff" data-id="43082ff" data-element_type="column" data-e-type="column">
			<div class="elementor-widget-wrap elementor-element-populated">
						<div class="elementor-element elementor-element-49cf281 elementor-widget elementor-widget-heading" data-id="49cf281" data-element_type="widget" data-e-type="widget" data-widget_type="heading.default">
				<div class="elementor-widget-container">
					<h2 class="elementor-heading-title elementor-size-default">YOGA EN LA NATURALEZA</h2>				</div>
				</div>
					</div>
		</div>
					</div>
		</section>
				<section class="elementor-section elementor-top-section elementor-element elementor-element-432819d elementor-section-boxed elementor-section-height-default elementor-section-height-default wpr-particle-no wpr-jarallax-no wpr-parallax-no wpr-sticky-section-no" data-id="432819d" data-element_type="section" data-e-type="section" data-settings="{&quot;_ha_eqh_enable&quot;:false}">
						<div class="elementor-container elementor-column-gap-default">
					<div class="elementor-column elementor-col-100 elementor-top-column elementor-element elementor-element-345f86f" data-id="345f86f" data-element_type="column" data-e-type="column">
			<div class="elementor-widget-wrap elementor-element-populated">
						<div class="elementor-element elementor-element-bafaeb5 elementor-widget elementor-widget-text-editor" data-id="bafaeb5" data-element_type="widget" data-e-type="widget" data-widget_type="text-editor.default">
				<div class="elementor-widget-container">
									<p>El yoga como disciplina milenaria, tiene sus orígenes en la India.  Los beneficios de la misma se multiplican al aire libre permitiendo potenciar los sentidos, la unión y la armonía entre cuerpo y mente.</p><p>Desde hace 5 años, todos los sábados en temporada de verano, Rada Tilly ofrece esta actividad deportiva en diferentes escenarios naturales.  </p><p style="text-align: left;">Con una duración aproximada de una hora y media esta actividad no requiere de experiencia previa para su realización.</p><p><strong>¿QUÉ LLEVAR?</strong></p><p>Se recomienda asistir con ropa cómoda, hidratación y un “mat” o una manta para realizar la práctica.</p><p>Esta actividad se realiza en temporada de verano todos los días Sábados.</p>								</div>
				</div>
					</div>
		</div>
					</div>
		</section>
				<section class="elementor-section elementor-top-section elementor-element elementor-element-8b11723 elementor-section-boxed elementor-section-height-default elementor-section-height-default wpr-particle-no wpr-jarallax-no wpr-parallax-no wpr-sticky-section-no" data-id="8b11723" data-element_type="section" data-e-type="section" data-settings="{&quot;_ha_eqh_enable&quot;:false}">
						<div class="elementor-container elementor-column-gap-default">
					<div class="elementor-column elementor-col-100 elementor-top-column elementor-element elementor-element-70ab18c" data-id="70ab18c" data-element_type="column" data-e-type="column">
			<div class="elementor-widget-wrap elementor-element-populated">
						<div class="elementor-element elementor-element-640dbb3 elementor-widget elementor-widget-gallery" data-id="640dbb3" data-element_type="widget" data-e-type="widget" data-settings="{&quot;lazyload&quot;:&quot;yes&quot;,&quot;gallery_layout&quot;:&quot;grid&quot;,&quot;columns&quot;:4,&quot;columns_tablet&quot;:2,&quot;columns_mobile&quot;:1,&quot;gap&quot;:{&quot;unit&quot;:&quot;px&quot;,&quot;size&quot;:10,&quot;sizes&quot;:[]},&quot;gap_tablet&quot;:{&quot;unit&quot;:&quot;px&quot;,&quot;size&quot;:10,&quot;sizes&quot;:[]},&quot;gap_mobile&quot;:{&quot;unit&quot;:&quot;px&quot;,&quot;size&quot;:10,&quot;sizes&quot;:[]},&quot;link_to&quot;:&quot;file&quot;,&quot;aspect_ratio&quot;:&quot;3:2&quot;,&quot;overlay_background&quot;:&quot;yes&quot;,&quot;content_hover_animation&quot;:&quot;fade-in&quot;}" data-widget_type="gallery.default">
				<div class="elementor-widget-container">
							<div class="elementor-gallery__container">
							<a class="e-gallery-item elementor-gallery-item elementor-animated-content" href="https://radatilly.gob.ar/deporteyturismo/wp-content/uploads/sites/5/2020/07/Yoga-4.jpg" data-elementor-open-lightbox="yes" data-elementor-lightbox-slideshow="640dbb3" data-elementor-lightbox-title="Yoga 4" data-e-action-hash="#elementor-action%3Aaction%3Dlightbox%26settings%3DeyJpZCI6Njc2LCJ1cmwiOiJodHRwczpcL1wvcmFkYXRpbGx5LmdvYi5hclwvZGVwb3J0ZXl0dXJpc21vXC93cC1jb250ZW50XC91cGxvYWRzXC9zaXRlc1wvNVwvMjAyMFwvMDdcL1lvZ2EtNC5qcGciLCJzbGlkZXNob3ciOiI2NDBkYmIzIn0%3D">
					<div class="e-gallery-image elementor-gallery-item__image" data-thumbnail="https://radatilly.gob.ar/deporteyturismo/wp-content/uploads/sites/5/2020/07/Yoga-4-300x200.jpg" data-width="300" data-height="200" aria-label="" role="img" ></div>
											<div class="elementor-gallery-item__overlay"></div>
														</a>
							<a class="e-gallery-item elementor-gallery-item elementor-animated-content" href="https://radatilly.gob.ar/deporteyturismo/wp-content/uploads/sites/5/2020/07/Yoga-3.jpg" data-elementor-open-lightbox="yes" data-elementor-lightbox-slideshow="640dbb3" data-elementor-lightbox-title="Yoga 3" data-e-action-hash="#elementor-action%3Aaction%3Dlightbox%26settings%3DeyJpZCI6Njc1LCJ1cmwiOiJodHRwczpcL1wvcmFkYXRpbGx5LmdvYi5hclwvZGVwb3J0ZXl0dXJpc21vXC93cC1jb250ZW50XC91cGxvYWRzXC9zaXRlc1wvNVwvMjAyMFwvMDdcL1lvZ2EtMy5qcGciLCJzbGlkZXNob3ciOiI2NDBkYmIzIn0%3D">
					<div class="e-gallery-image elementor-gallery-item__image" data-thumbnail="https://radatilly.gob.ar/deporteyturismo/wp-content/uploads/sites/5/2020/07/Yoga-3-300x114.jpg" data-width="300" data-height="114" aria-label="" role="img" ></div>
											<div class="elementor-gallery-item__overlay"></div>
														</a>
							<a class="e-gallery-item elementor-gallery-item elementor-animated-content" href="https://radatilly.gob.ar/deporteyturismo/wp-content/uploads/sites/5/2020/07/Yoga-2.jpg" data-elementor-open-lightbox="yes" data-elementor-lightbox-slideshow="640dbb3" data-elementor-lightbox-title="Yoga 2" data-e-action-hash="#elementor-action%3Aaction%3Dlightbox%26settings%3DeyJpZCI6Njc0LCJ1cmwiOiJodHRwczpcL1wvcmFkYXRpbGx5LmdvYi5hclwvZGVwb3J0ZXl0dXJpc21vXC93cC1jb250ZW50XC91cGxvYWRzXC9zaXRlc1wvNVwvMjAyMFwvMDdcL1lvZ2EtMi5qcGciLCJzbGlkZXNob3ciOiI2NDBkYmIzIn0%3D">
					<div class="e-gallery-image elementor-gallery-item__image" data-thumbnail="https://radatilly.gob.ar/deporteyturismo/wp-content/uploads/sites/5/2020/07/Yoga-2-300x200.jpg" data-width="300" data-height="200" aria-label="" role="img" ></div>
											<div class="elementor-gallery-item__overlay"></div>
														</a>
							<a class="e-gallery-item elementor-gallery-item elementor-animated-content" href="https://radatilly.gob.ar/deporteyturismo/wp-content/uploads/sites/5/2020/07/Yoga-1.jpg" data-elementor-open-lightbox="yes" data-elementor-lightbox-slideshow="640dbb3" data-elementor-lightbox-title="Yoga 1" data-e-action-hash="#elementor-action%3Aaction%3Dlightbox%26settings%3DeyJpZCI6NjczLCJ1cmwiOiJodHRwczpcL1wvcmFkYXRpbGx5LmdvYi5hclwvZGVwb3J0ZXl0dXJpc21vXC93cC1jb250ZW50XC91cGxvYWRzXC9zaXRlc1wvNVwvMjAyMFwvMDdcL1lvZ2EtMS5qcGciLCJzbGlkZXNob3ciOiI2NDBkYmIzIn0%3D">
					<div class="e-gallery-image elementor-gallery-item__image" data-thumbnail="https://radatilly.gob.ar/deporteyturismo/wp-content/uploads/sites/5/2020/07/Yoga-1-300x200.jpg" data-width="300" data-height="200" aria-label="" role="img" ></div>
											<div class="elementor-gallery-item__overlay"></div>
														</a>
					</div>
					</div>
				</div>
					</div>
		</div>
					</div>
		</section>
				</div>

<p>YOGA EN LA NATURALEZA El yoga como disciplina milenaria, tiene sus orígenes en la India.  Los beneficios de la misma se multiplican al aire libre permitiendo potenciar los sentidos, la unión y la armonía entre cuerpo y mente. Desde hace 5 años, todos los sábados en temporada de verano, Rada Tilly ofrece esta actividad deportiva en diferentes escenarios naturales.   Con una duración aproximada de una hora y media esta actividad no requiere de experiencia previa para su realización. ¿QUÉ LLEVAR? Se recomienda asistir con ropa cómoda, hidratación y un “mat” o una manta para realizar la práctica. Esta actividad se realiza en temporada de verano todos los días Sábados.</p>
