{"id":106,"date":"2020-07-15T10:39:35","date_gmt":"2020-07-15T13:39:35","guid":{"rendered":"https:\/\/radatilly.gob.ar\/deporteyturismo\/?page_id=106"},"modified":"2024-02-02T13:55:16","modified_gmt":"2024-02-02T16:55:16","slug":"estacionamiento-medido","status":"publish","type":"page","link":"https:\/\/radatilly.gob.ar\/deporteyturismo\/estacionamiento-medido\/","title":{"rendered":"ESTACIONAMIENTO MEDIDO"},"content":{"rendered":"\t\t<div data-elementor-type=\"wp-page\" data-elementor-id=\"106\" class=\"elementor elementor-106\" data-elementor-settings=\"{&quot;ha_cmc_init_switcher&quot;:&quot;no&quot;}\" data-elementor-post-type=\"page\">\n\t\t\t\t\t\t<section class=\"elementor-section elementor-top-section elementor-element elementor-element-c953de7 elementor-section-boxed elementor-section-height-default elementor-section-height-default wpr-particle-no wpr-jarallax-no wpr-parallax-no wpr-sticky-section-no\" data-id=\"c953de7\" data-element_type=\"section\" data-e-type=\"section\" data-settings=\"{&quot;shape_divider_bottom&quot;:&quot;triangle-asymmetrical&quot;,&quot;_ha_eqh_enable&quot;:false}\">\n\t\t\t\t\t\t\t<div class=\"elementor-background-overlay\"><\/div>\n\t\t\t\t\t\t<div class=\"elementor-shape elementor-shape-bottom\" aria-hidden=\"true\" data-negative=\"false\">\n\t\t\t<svg xmlns=\"http:\/\/www.w3.org\/2000\/svg\" viewBox=\"0 0 1000 100\" preserveAspectRatio=\"none\">\n\t<path class=\"elementor-shape-fill\" d=\"M738,99l262-93V0H0v5.6L738,99z\"\/>\n<\/svg>\t\t<\/div>\n\t\t\t\t\t<div class=\"elementor-container elementor-column-gap-default\">\n\t\t\t\t\t<div class=\"elementor-column elementor-col-100 elementor-top-column elementor-element elementor-element-f3513d3\" data-id=\"f3513d3\" data-element_type=\"column\" data-e-type=\"column\">\n\t\t\t<div class=\"elementor-widget-wrap elementor-element-populated\">\n\t\t\t\t\t\t<div class=\"elementor-element elementor-element-29034cd elementor-widget elementor-widget-heading\" data-id=\"29034cd\" data-element_type=\"widget\" data-e-type=\"widget\" data-widget_type=\"heading.default\">\n\t\t\t\t<div class=\"elementor-widget-container\">\n\t\t\t\t\t<h2 class=\"elementor-heading-title elementor-size-default\">ESTACIONAMIENTO MEDIDO<\/h2>\t\t\t\t<\/div>\n\t\t\t\t<\/div>\n\t\t\t\t\t<\/div>\n\t\t<\/div>\n\t\t\t\t\t<\/div>\n\t\t<\/section>\n\t\t\t\t<section class=\"elementor-section elementor-inner-section elementor-element elementor-element-5f1986d6 elementor-section-boxed elementor-section-height-default elementor-section-height-default wpr-particle-no wpr-jarallax-no wpr-parallax-no wpr-sticky-section-no\" data-id=\"5f1986d6\" data-element_type=\"section\" data-e-type=\"section\" data-settings=\"{&quot;_ha_eqh_enable&quot;:false}\">\n\t\t\t\t\t\t<div class=\"elementor-container elementor-column-gap-default\">\n\t\t\t\t\t<div class=\"elementor-column elementor-col-33 elementor-inner-column elementor-element elementor-element-60b4f6ef\" data-id=\"60b4f6ef\" data-element_type=\"column\" data-e-type=\"column\">\n\t\t\t<div class=\"elementor-widget-wrap elementor-element-populated\">\n\t\t\t\t\t\t<div class=\"elementor-element elementor-element-5a36ba9 elementor-widget elementor-widget-image\" data-id=\"5a36ba9\" data-element_type=\"widget\" data-e-type=\"widget\" data-widget_type=\"image.default\">\n\t\t\t\t<div class=\"elementor-widget-container\">\n\t\t\t\t\t\t\t\t\t\t\t\t\t\t\t<img fetchpriority=\"high\" decoding=\"async\" width=\"576\" height=\"1024\" src=\"https:\/\/radatilly.gob.ar\/deporteyturismo\/wp-content\/uploads\/sites\/5\/2023\/12\/3-576x1024.jpeg\" class=\"attachment-large size-large wp-image-3581\" alt=\"\" srcset=\"https:\/\/radatilly.gob.ar\/deporteyturismo\/wp-content\/uploads\/sites\/5\/2023\/12\/3-576x1024.jpeg 576w, https:\/\/radatilly.gob.ar\/deporteyturismo\/wp-content\/uploads\/sites\/5\/2023\/12\/3-169x300.jpeg 169w, https:\/\/radatilly.gob.ar\/deporteyturismo\/wp-content\/uploads\/sites\/5\/2023\/12\/3-768x1365.jpeg 768w, https:\/\/radatilly.gob.ar\/deporteyturismo\/wp-content\/uploads\/sites\/5\/2023\/12\/3-864x1536.jpeg 864w, https:\/\/radatilly.gob.ar\/deporteyturismo\/wp-content\/uploads\/sites\/5\/2023\/12\/3.jpeg 900w\" sizes=\"(max-width: 576px) 100vw, 576px\" \/>\t\t\t\t\t\t\t\t\t\t\t\t\t\t\t<\/div>\n\t\t\t\t<\/div>\n\t\t\t\t\t<\/div>\n\t\t<\/div>\n\t\t\t\t<div class=\"elementor-column elementor-col-33 elementor-inner-column elementor-element elementor-element-9148860\" data-id=\"9148860\" data-element_type=\"column\" data-e-type=\"column\">\n\t\t\t<div class=\"elementor-widget-wrap elementor-element-populated\">\n\t\t\t\t\t\t<div class=\"elementor-element elementor-element-66a7ac8 elementor-widget elementor-widget-image\" data-id=\"66a7ac8\" data-element_type=\"widget\" data-e-type=\"widget\" data-widget_type=\"image.default\">\n\t\t\t\t<div class=\"elementor-widget-container\">\n\t\t\t\t\t\t\t\t\t\t\t\t\t\t\t<img decoding=\"async\" width=\"576\" height=\"1024\" src=\"https:\/\/radatilly.gob.ar\/deporteyturismo\/wp-content\/uploads\/sites\/5\/2023\/12\/2-576x1024.jpeg\" class=\"attachment-large size-large wp-image-3580\" alt=\"\" srcset=\"https:\/\/radatilly.gob.ar\/deporteyturismo\/wp-content\/uploads\/sites\/5\/2023\/12\/2-576x1024.jpeg 576w, https:\/\/radatilly.gob.ar\/deporteyturismo\/wp-content\/uploads\/sites\/5\/2023\/12\/2-169x300.jpeg 169w, https:\/\/radatilly.gob.ar\/deporteyturismo\/wp-content\/uploads\/sites\/5\/2023\/12\/2-768x1365.jpeg 768w, https:\/\/radatilly.gob.ar\/deporteyturismo\/wp-content\/uploads\/sites\/5\/2023\/12\/2-864x1536.jpeg 864w, https:\/\/radatilly.gob.ar\/deporteyturismo\/wp-content\/uploads\/sites\/5\/2023\/12\/2.jpeg 900w\" sizes=\"(max-width: 576px) 100vw, 576px\" \/>\t\t\t\t\t\t\t\t\t\t\t\t\t\t\t<\/div>\n\t\t\t\t<\/div>\n\t\t\t\t\t<\/div>\n\t\t<\/div>\n\t\t\t\t<div class=\"elementor-column elementor-col-33 elementor-inner-column elementor-element elementor-element-bf4cc45\" data-id=\"bf4cc45\" data-element_type=\"column\" data-e-type=\"column\">\n\t\t\t<div class=\"elementor-widget-wrap elementor-element-populated\">\n\t\t\t\t\t\t<div class=\"elementor-element elementor-element-bfedcf5 elementor-widget elementor-widget-image\" data-id=\"bfedcf5\" data-element_type=\"widget\" data-e-type=\"widget\" data-widget_type=\"image.default\">\n\t\t\t\t<div class=\"elementor-widget-container\">\n\t\t\t\t\t\t\t\t\t\t\t\t\t\t\t<img decoding=\"async\" width=\"576\" height=\"1024\" src=\"https:\/\/radatilly.gob.ar\/deporteyturismo\/wp-content\/uploads\/sites\/5\/2023\/12\/1-576x1024.jpeg\" class=\"attachment-large size-large wp-image-3579\" alt=\"\" srcset=\"https:\/\/radatilly.gob.ar\/deporteyturismo\/wp-content\/uploads\/sites\/5\/2023\/12\/1-576x1024.jpeg 576w, https:\/\/radatilly.gob.ar\/deporteyturismo\/wp-content\/uploads\/sites\/5\/2023\/12\/1-169x300.jpeg 169w, https:\/\/radatilly.gob.ar\/deporteyturismo\/wp-content\/uploads\/sites\/5\/2023\/12\/1-768x1365.jpeg 768w, https:\/\/radatilly.gob.ar\/deporteyturismo\/wp-content\/uploads\/sites\/5\/2023\/12\/1-864x1536.jpeg 864w, https:\/\/radatilly.gob.ar\/deporteyturismo\/wp-content\/uploads\/sites\/5\/2023\/12\/1.jpeg 900w\" sizes=\"(max-width: 576px) 100vw, 576px\" \/>\t\t\t\t\t\t\t\t\t\t\t\t\t\t\t<\/div>\n\t\t\t\t<\/div>\n\t\t\t\t\t<\/div>\n\t\t<\/div>\n\t\t\t\t\t<\/div>\n\t\t<\/section>\n\t\t\t\t<section class=\"elementor-section elementor-inner-section elementor-element elementor-element-e5f5c4e elementor-section-boxed elementor-section-height-default elementor-section-height-default wpr-particle-no wpr-jarallax-no wpr-parallax-no wpr-sticky-section-no\" data-id=\"e5f5c4e\" data-element_type=\"section\" data-e-type=\"section\" data-settings=\"{&quot;_ha_eqh_enable&quot;:false}\">\n\t\t\t\t\t\t<div class=\"elementor-container elementor-column-gap-default\">\n\t\t\t\t\t<div class=\"elementor-column elementor-col-100 elementor-inner-column elementor-element elementor-element-90b96af\" data-id=\"90b96af\" data-element_type=\"column\" data-e-type=\"column\">\n\t\t\t<div class=\"elementor-widget-wrap elementor-element-populated\">\n\t\t\t\t\t\t<div class=\"elementor-element elementor-element-0064fce elementor-widget elementor-widget-text-editor\" data-id=\"0064fce\" data-element_type=\"widget\" data-e-type=\"widget\" data-widget_type=\"text-editor.default\">\n\t\t\t\t<div class=\"elementor-widget-container\">\n\t\t\t\t\t\t\t\t\t<blockquote><div><div dir=\"ltr\"><div>Durante la temporada de verano, la ciudad cuenta con un sistema de Estacionamiento Medido, el mismo incluye la Avda. Armada Rep\u00fablica Argentina, la Avda. Comandante Luis Piedrabuena y las calles transversales entre ambas, todos los d\u00edas en horario de 13 a 20 hs.<br \/>El mismo se puede pagar a trav\u00e9s de la App m\u00f3vil <a href=\"https:\/\/radatilly.gob.ar\/estacionamiento-medido\/\">SEM Rada Tilly<\/a> que permite abonar la estad\u00eda de estacionamiento medido desde el tel\u00e9fono celular, mientras que tambi\u00e9n puede personalmente en el Trailer de Coordinaci\u00f3n del SEM ubicado en la Bajada 10 de la playa de Rada Tilly.<\/div><\/div><\/div><\/blockquote>\t\t\t\t\t\t\t\t<\/div>\n\t\t\t\t<\/div>\n\t\t\t\t\t<\/div>\n\t\t<\/div>\n\t\t\t\t\t<\/div>\n\t\t<\/section>\n\t\t\t\t<\/div>\n\t\t","protected":false},"excerpt":{"rendered":"<p>ESTACIONAMIENTO MEDIDO Durante la temporada de verano, la ciudad cuenta con un sistema de Estacionamiento Medido, el mismo incluye la Avda. Armada Rep\u00fablica Argentina, la Avda. Comandante Luis Piedrabuena y las calles transversales entre ambas, todos los d\u00edas en horario de 13 a 20 hs.El mismo se puede pagar a trav\u00e9s de la App m\u00f3vil SEM Rada Tilly que permite abonar la estad\u00eda de estacionamiento medido desde el tel\u00e9fono celular, mientras que tambi\u00e9n puede personalmente en el Trailer de Coordinaci\u00f3n del SEM ubicado en la Bajada 10 de la playa de Rada Tilly.<\/p>\n","protected":false},"author":1,"featured_media":0,"parent":0,"menu_order":0,"comment_status":"closed","ping_status":"closed","template":"elementor_header_footer","meta":{"footnotes":""},"class_list":["post-106","page","type-page","status-publish","hentry"],"_links":{"self":[{"href":"https:\/\/radatilly.gob.ar\/deporteyturismo\/wp-json\/wp\/v2\/pages\/106","targetHints":{"allow":["GET"]}}],"collection":[{"href":"https:\/\/radatilly.gob.ar\/deporteyturismo\/wp-json\/wp\/v2\/pages"}],"about":[{"href":"https:\/\/radatilly.gob.ar\/deporteyturismo\/wp-json\/wp\/v2\/types\/page"}],"author":[{"embeddable":true,"href":"https:\/\/radatilly.gob.ar\/deporteyturismo\/wp-json\/wp\/v2\/users\/1"}],"replies":[{"embeddable":true,"href":"https:\/\/radatilly.gob.ar\/deporteyturismo\/wp-json\/wp\/v2\/comments?post=106"}],"version-history":[{"count":5,"href":"https:\/\/radatilly.gob.ar\/deporteyturismo\/wp-json\/wp\/v2\/pages\/106\/revisions"}],"predecessor-version":[{"id":3590,"href":"https:\/\/radatilly.gob.ar\/deporteyturismo\/wp-json\/wp\/v2\/pages\/106\/revisions\/3590"}],"wp:attachment":[{"href":"https:\/\/radatilly.gob.ar\/deporteyturismo\/wp-json\/wp\/v2\/media?parent=106"}],"curies":[{"name":"wp","href":"https:\/\/api.w.org\/{rel}","templated":true}]}}

<div data-elementor-type="wp-page" data-elementor-id="106" class="elementor elementor-106" data-elementor-settings="{&quot;ha_cmc_init_switcher&quot;:&quot;no&quot;}" data-elementor-post-type="page">
						<section class="elementor-section elementor-top-section elementor-element elementor-element-c953de7 elementor-section-boxed elementor-section-height-default elementor-section-height-default wpr-particle-no wpr-jarallax-no wpr-parallax-no wpr-sticky-section-no" data-id="c953de7" data-element_type="section" data-e-type="section" data-settings="{&quot;shape_divider_bottom&quot;:&quot;triangle-asymmetrical&quot;,&quot;_ha_eqh_enable&quot;:false}">
							<div class="elementor-background-overlay"></div>
						<div class="elementor-shape elementor-shape-bottom" aria-hidden="true" data-negative="false">
			<svg xmlns="http://www.w3.org/2000/svg" viewBox="0 0 1000 100" preserveAspectRatio="none">
	<path class="elementor-shape-fill" d="M738,99l262-93V0H0v5.6L738,99z"/>
</svg>		</div>
					<div class="elementor-container elementor-column-gap-default">
					<div class="elementor-column elementor-col-100 elementor-top-column elementor-element elementor-element-f3513d3" data-id="f3513d3" data-element_type="column" data-e-type="column">
			<div class="elementor-widget-wrap elementor-element-populated">
						<div class="elementor-element elementor-element-29034cd elementor-widget elementor-widget-heading" data-id="29034cd" data-element_type="widget" data-e-type="widget" data-widget_type="heading.default">
				<div class="elementor-widget-container">
					<h2 class="elementor-heading-title elementor-size-default">ESTACIONAMIENTO MEDIDO</h2>				</div>
				</div>
					</div>
		</div>
					</div>
		</section>
				<section class="elementor-section elementor-inner-section elementor-element elementor-element-5f1986d6 elementor-section-boxed elementor-section-height-default elementor-section-height-default wpr-particle-no wpr-jarallax-no wpr-parallax-no wpr-sticky-section-no" data-id="5f1986d6" data-element_type="section" data-e-type="section" data-settings="{&quot;_ha_eqh_enable&quot;:false}">
						<div class="elementor-container elementor-column-gap-default">
					<div class="elementor-column elementor-col-33 elementor-inner-column elementor-element elementor-element-60b4f6ef" data-id="60b4f6ef" data-element_type="column" data-e-type="column">
			<div class="elementor-widget-wrap elementor-element-populated">
						<div class="elementor-element elementor-element-5a36ba9 elementor-widget elementor-widget-image" data-id="5a36ba9" data-element_type="widget" data-e-type="widget" data-widget_type="image.default">
				<div class="elementor-widget-container">
															<img fetchpriority="high" decoding="async" width="576" height="1024" src="https://radatilly.gob.ar/deporteyturismo/wp-content/uploads/sites/5/2023/12/3-576x1024.jpeg" class="attachment-large size-large wp-image-3581" alt="" srcset="https://radatilly.gob.ar/deporteyturismo/wp-content/uploads/sites/5/2023/12/3-576x1024.jpeg 576w, https://radatilly.gob.ar/deporteyturismo/wp-content/uploads/sites/5/2023/12/3-169x300.jpeg 169w, https://radatilly.gob.ar/deporteyturismo/wp-content/uploads/sites/5/2023/12/3-768x1365.jpeg 768w, https://radatilly.gob.ar/deporteyturismo/wp-content/uploads/sites/5/2023/12/3-864x1536.jpeg 864w, https://radatilly.gob.ar/deporteyturismo/wp-content/uploads/sites/5/2023/12/3.jpeg 900w" sizes="(max-width: 576px) 100vw, 576px" />															</div>
				</div>
					</div>
		</div>
				<div class="elementor-column elementor-col-33 elementor-inner-column elementor-element elementor-element-9148860" data-id="9148860" data-element_type="column" data-e-type="column">
			<div class="elementor-widget-wrap elementor-element-populated">
						<div class="elementor-element elementor-element-66a7ac8 elementor-widget elementor-widget-image" data-id="66a7ac8" data-element_type="widget" data-e-type="widget" data-widget_type="image.default">
				<div class="elementor-widget-container">
															<img decoding="async" width="576" height="1024" src="https://radatilly.gob.ar/deporteyturismo/wp-content/uploads/sites/5/2023/12/2-576x1024.jpeg" class="attachment-large size-large wp-image-3580" alt="" srcset="https://radatilly.gob.ar/deporteyturismo/wp-content/uploads/sites/5/2023/12/2-576x1024.jpeg 576w, https://radatilly.gob.ar/deporteyturismo/wp-content/uploads/sites/5/2023/12/2-169x300.jpeg 169w, https://radatilly.gob.ar/deporteyturismo/wp-content/uploads/sites/5/2023/12/2-768x1365.jpeg 768w, https://radatilly.gob.ar/deporteyturismo/wp-content/uploads/sites/5/2023/12/2-864x1536.jpeg 864w, https://radatilly.gob.ar/deporteyturismo/wp-content/uploads/sites/5/2023/12/2.jpeg 900w" sizes="(max-width: 576px) 100vw, 576px" />															</div>
				</div>
					</div>
		</div>
				<div class="elementor-column elementor-col-33 elementor-inner-column elementor-element elementor-element-bf4cc45" data-id="bf4cc45" data-element_type="column" data-e-type="column">
			<div class="elementor-widget-wrap elementor-element-populated">
						<div class="elementor-element elementor-element-bfedcf5 elementor-widget elementor-widget-image" data-id="bfedcf5" data-element_type="widget" data-e-type="widget" data-widget_type="image.default">
				<div class="elementor-widget-container">
															<img decoding="async" width="576" height="1024" src="https://radatilly.gob.ar/deporteyturismo/wp-content/uploads/sites/5/2023/12/1-576x1024.jpeg" class="attachment-large size-large wp-image-3579" alt="" srcset="https://radatilly.gob.ar/deporteyturismo/wp-content/uploads/sites/5/2023/12/1-576x1024.jpeg 576w, https://radatilly.gob.ar/deporteyturismo/wp-content/uploads/sites/5/2023/12/1-169x300.jpeg 169w, https://radatilly.gob.ar/deporteyturismo/wp-content/uploads/sites/5/2023/12/1-768x1365.jpeg 768w, https://radatilly.gob.ar/deporteyturismo/wp-content/uploads/sites/5/2023/12/1-864x1536.jpeg 864w, https://radatilly.gob.ar/deporteyturismo/wp-content/uploads/sites/5/2023/12/1.jpeg 900w" sizes="(max-width: 576px) 100vw, 576px" />															</div>
				</div>
					</div>
		</div>
					</div>
		</section>
				<section class="elementor-section elementor-inner-section elementor-element elementor-element-e5f5c4e elementor-section-boxed elementor-section-height-default elementor-section-height-default wpr-particle-no wpr-jarallax-no wpr-parallax-no wpr-sticky-section-no" data-id="e5f5c4e" data-element_type="section" data-e-type="section" data-settings="{&quot;_ha_eqh_enable&quot;:false}">
						<div class="elementor-container elementor-column-gap-default">
					<div class="elementor-column elementor-col-100 elementor-inner-column elementor-element elementor-element-90b96af" data-id="90b96af" data-element_type="column" data-e-type="column">
			<div class="elementor-widget-wrap elementor-element-populated">
						<div class="elementor-element elementor-element-0064fce elementor-widget elementor-widget-text-editor" data-id="0064fce" data-element_type="widget" data-e-type="widget" data-widget_type="text-editor.default">
				<div class="elementor-widget-container">
									<blockquote><div><div dir="ltr"><div>Durante la temporada de verano, la ciudad cuenta con un sistema de Estacionamiento Medido, el mismo incluye la Avda. Armada República Argentina, la Avda. Comandante Luis Piedrabuena y las calles transversales entre ambas, todos los días en horario de 13 a 20 hs.<br />El mismo se puede pagar a través de la App móvil <a href="https://radatilly.gob.ar/estacionamiento-medido/">SEM Rada Tilly</a> que permite abonar la estadía de estacionamiento medido desde el teléfono celular, mientras que también puede personalmente en el Trailer de Coordinación del SEM ubicado en la Bajada 10 de la playa de Rada Tilly.</div></div></div></blockquote>								</div>
				</div>
					</div>
		</div>
					</div>
		</section>
				</div>

<p>ESTACIONAMIENTO MEDIDO Durante la temporada de verano, la ciudad cuenta con un sistema de Estacionamiento Medido, el mismo incluye la Avda. Armada República Argentina, la Avda. Comandante Luis Piedrabuena y las calles transversales entre ambas, todos los días en horario de 13 a 20 hs.El mismo se puede pagar a través de la App móvil SEM Rada Tilly que permite abonar la estadía de estacionamiento medido desde el teléfono celular, mientras que también puede personalmente en el Trailer de Coordinación del SEM ubicado en la Bajada 10 de la playa de Rada Tilly.</p>
